is -9 + (3 - -1 - 0)?
-5
Evaluate (-9 - (-3 - 3)) + 4.
1
Calculate -3 - (5 - (3 - -8) - -8).
-5
What is 5 - (3 - -4 - -3)?
-5
Calculate 17 - (8 + -2) - 7.
4
4 + (-3 - -6) + (-3 - 0)
4
What is the value of 1 + (-7 - (-1 - 6))?
1
Calculate (-6 - (2 + -6)) + 1.
-1
Evaluate 3 + -1 + -5 + 8 + -1.
4
-10 - -11 - (-3 + 0 + 6)
-2
Evaluate 1 + (-5 - 6) + 7 + 7.
4
What is (15 - (-4 + 13)) + (-12 - -1)?
-5
Calculate 0 - 4 - (-2 - -1) - 0.
-3
Evaluate -2 - (-10 + -1) - 9.
0
What is (1 - 7) + 3 + 2 - -1?
0
1 - -7 - 5 - (-1 - -8)
-4
Calculate 1 - -2 - (1 - -3).
-1
Evaluate -4 + 3 + (-1 - 1) + 0.
-3
What is (-1 - 3) + 2 + 37 + -32?
3
(9 - 1) + (19 - 27)
0
What is the value of 6 - ((2 - (3 + -3)) + -5)?
9
Evaluate -7 + (4 - (-3 + (4 - 1))).
-3
Calculate -3 + (-6 - -9) + (-1 - -2).
1
9 + 0 + (2 - (14 + -4))
1
What is 0 - (-7 - (2 + -4))?
5
What is 4 - ((-2 - 0 - -2) + 2)?
2
Evaluate -10 - (-2 + -4 - 9).
5
What is 8 - (-12 + 6) - (9 - 2)?
7
2 + 5 + -10 - -12
9
1 + -2 + 3 + (0 - 7)
-5
15 - (7 + 10 + -13)
11
0 + -2 - 0 - (-1 - -4)
-5
-1 + 1 + (4 - -5) + -13
-4
12 + 0 + (-3 - (22 + -18))
5
What is (3 - (-1 + 2)) + (1 - 4)?
-1
Calculate 2 + -2 - (2 - (-1 + -4)).
-7
What is -6 + (11 - 0) + 0?
5
-134 + 134 - (0 + 0 + 3)
-3
-8 + (11 - (-4 - -6))
1
Evaluate 3 + (3 + -6 - 1).
-1
Evaluate -62 - -46 - (-9 + 3).
-10
What is (4 - (6 - 2)) + (8 - 8)?
0
What is the value of -21 + 32 + 1 + -7?
5
What is 9 + (0 - 0) + -2?
7
Evaluate -1 - 7 - (131 + -140).
1
What is 2 + (-2 - (-6 + 3))?
3
What is 6 - (-6 - -8) - 10?
-6
-111 + 108 - (0 + -9)
6
(0 + -3 - 1) + 8 + -2
2
(9 + -11 - 4) + -3 + 2
-7
What is -8 + (-5 - -18) + -6 + 5?
4
Evaluate -2 + (-4 - (-9 + 6)).
-3
Evaluate 7 + (4 - (4 - -4)).
3
Calculate -5 + 1 + -4 + 12 - 8.
-4
2 + (14 - (6 + 10))
0
What is the value of -1 - -4 - (-5 + -6 + 9)?
5
What is -9 - -10 - 5 - 2?
-6
Calculate -29 + 24 + (6 - -2).
3
Calculate (-5 + 5 - (10 + -2)) + 2.
-6
Evaluate 8 + (-4 - 2) + 4.
6
Evaluate (0 - 1) + (10 - 14).
-5
2 - (0 + (10 - 3) + -9)
4
What is the value of (0 + -1 - 2) + 0 + 1?
-2
-2 - (11 - (12 - -3))
2
What is the value of 1 - 7 - (-1 - 8)?
3
Evaluate 8 + 5 + -8 - 2.
3
What is the value of 2 - (1 - (4 + (-1 - 4)))?
0
Evaluate -1 + -3 + (0 - -7) + -5.
-2
Calculate 2 + 2 + -3 - (-2 - -1).
2
What is the value of 11 - (-4 - (-2 + -7))?
6
Calculate ((-1 - -3) + -1 - 2) + -5.
-6
What is the value of (-4 - (1 + -6)) + -6?
-5
0 + 0 - (0 - 5) - 3
2
What is -4 + 6 - (-1 + 3) - -1?
1
What is 38 + -35 - (-3 - -1)?
5
Calculate 18 + -13 - (2 - -7).
-4
Calculate 6 + (2 - 12) + (4 - -1).
1
Evaluate 1 + 2 - (-11 + 9 - -7).
-2
Evaluate 0 - (4 + -8 + -2 + 5).
1
What is -10 + 11 + 3 - 7?
-3
0 - -1 - (3 + -4 + 1)
1
What is the value of (-3 - -13) + -6 + -5?
-1
What is 2 + 3 + (-20 - -13)?
-2
Evaluate (12 - 9) + (7 - 1).
9
Evaluate (1 - 6) + -2 + 5 + 4.
2
25 + -26 + (0 - -5)
4
Evaluate -8 + (11 - (3 - 2)) - -8.
10
What is -5 + 6 + 0 - 1?
0
Evaluate (3 - 2 - (3 - 2)) + -4.
-4
What is the value of 0 + -1 - -4 - (22 + -24)?
5
Calculate (8 - -1) + -115 + 112.
6
1 + 1 + 0 + 0 - 1
1
What is the value of -8 - (3 + -7 + 1)?
-5
(0 - -1) + -6 - -5
0
Calculate -7 + (8 - (-2 + 3)) - 8.
-8
What is the value of -13 + 2 - -6 - 0 - -1?
-4
-4 - ((0 - 6) + 6 - -1)
-5
What is -7 - (5 - 4 - -7 - 7)?
-8
Calculate (4 - -1) + (2 - 1).
6
What is the value of (2 - 2) + (-2 - 0 - -7)?
5
Calculate (2 - 12 - -6) + (-1 - -1).
-4
What is (-4 - (-2 - -1)) + 6 + -2?
1
What is 17 - (-1 - -10) - (6 + -1)?
3
What is the value of (-14 - -2) + (55 - 50)?
-7
-1 - (1 + 3) - -8
3
2 + (8 + (-7 - -3) - 8)
-2
What is the value of -4 - -3 - (5 - 6)?
0
9 - (3 + -7 - -9 - 0)
4
Evaluate (1 + -6 - -5) + -3.
-3
What is (-8 - -6) + (3 - (5 - 0))?
-4
What is (-7 - 5 - -3) + 6?
-3
3 + 4 + -6 + -1 + 5
5
Calculate 6 + (2 - 2) + -2.
4
What is -6 + (-4 - -8) + 5 + 0?
3
Calculate 4 + -13 - (-2 - 0).
-7
Calculate 6 + -2 + -3 + 2.
3
Evaluate (15 - 31) + 14 + (0 - 6).
-8
What is -3 + -1 + -1 + 8?
3
What is 2 - (-2 + 1 - -1) - -3?
5
Calculate -4 + 23 - 10 - 17.
-8
What is 8 - (6 - (-1 + 3))?
4
What is (2 - (3 - -2)) + 1?
-2
Calculate -31 - -39 - (-3 + 13).
-2
-1 + -6 + -2 + 7
-2
Evaluate 0 + 5 - (1 - -3).
1
Evaluate 8 + -3 - (-4 - -1) - 5.
3
-4 - (-9 - (0 + -6))
-1
What is the value of 21 - 16 - (5 - 1)?
1
What is the value of -2 + (4 - (0 - 1))?
3
Calculate -5 + (1 - -4) + -3.
-3
Evaluate 2 - (0 + -2 + 4).
0
12 - (13 + 7) - (2 - 1)
-9
What is (-10 - (-6 - 19)) + -5?
10
What is the value of -3 - 1 - 1 - (-7 - -8)?
-6
What is 0 - (-1 + 0) - -4 - 1?
4
Evaluate (-1 - 1) + -1 + (4 - 0).
1
(15 - 14) + (2 - (-1 + 1))
3
What is -17 + (-7 + 15 - (-8 - -8))?
-9
-5 + 8 + (2 - 4) - -2
3
What is the value of -5 - (7 + -2 - 10)?
0
(0 - -8) + (-1 - 1)
6
Evaluate 3 - (3 + -1) - (-2 - -2).
1
Evaluate 6 + -10 - (4 - (0 + 4)).
-4
-13 - -5 - ((-4 - -6) + -5)
-5
What is the value of 2 + 7 - (2 + 4)?
3
Calculate (7 - 3) + -10 + 5 + 5.
4
2 - (-1 - (-7 - -1))
-3
Calculate (-13 + 3 - -5) + 0 + 6.
1
0 + -2 + (3 - -6) + -4
3
-7 - -3 - -8 - -1
5
What is 1 - (0 - (1 + 0 + 1))?
3
Evaluate 0 + (-1 - -2) - 4 - 1.
-4
5 + (1 - (-2 - -1)) + -1
6
Evaluate 44 + -45 + (-1 - -1).
-1
Evaluate (2 - 1 - 2) + (-7 - -7).
-1
Evaluate 6 - (-6 + 3 + 3) - 2.
4
-4 - (-1 - 4) - -3
4
Calculate -2 + (0 + -3 - -1) + 0.
-4
What is -8 + 9 + -4 - -9?
6
What is 7 + (3 - 7) + -1?
2
What is 2 + -2 - (2 - 0)?
-2
-3 + (6 - 6) + -2
-5
2 - (-3 + -3 - -4)
4
Calculate -7 + (-4 + 3 - (1 - 14)).
5
Calculate (1 - -4) + (-6 - (6 + -11)).
4
-11 - ((-2 - (4 + -3)) + -1)
-7
Calculate (-1 - 4) + (-3 - -5).
-3
(-1 - -4 - -2) + -9
-4
What is (-10 - (2 + -6)) + 1?
-5
What is 1 - (12 - 4) - -10?
3
Evaluate -2 - (-1 - (-3 + 6)).
2
Calculate 3 + -3 + (-1 - -6).
5
What is 4 + -11 + -3 + 10?
0
(2 + 1 - (7 - 3)) + 3
2
Evaluate (-9 - -5) + 8 - 0.
4
What is 2 + -1 + (7 - 4)?
4
Calculate (8 - (0 - 3)) + (-1 - 1).
9
What is -7 + -1 + 7 + 1?
0
What is -29 + 12 + 10 - -8?
1
What is the value of -9 + 2 - (-8 - (5 - 9))?
-3
-2 - ((4 - 1) + -12 + 10)
-3
4 + 1 + (3 + -5 - -1)
4
What is the value of 3 + -1 + (-32 - -28)?
-2
Evaluate 5 + 23 + -23 + (-2 - -3).
6
What is the value of 1 - (4 + -2 - (3 + -3))?
-1
Calculate (-1 - -6) + (-8 - 2 - -4).
-1
What is -4 + 5 + (-4 - 3) + 4?
-2
What is 6 + (-5 + 1 - 6)?
-4
What is 3 + (4 - (3 - 2) - 2)?
4
Evaluate 3 - (-3 + (3 - -2)).
1
Calculate 1 + -1 - (-8 + 19 + -14).
3
What is -2 - (-12 - (1 + -7) - 3)?
7
What is -2 + 7 - (7 + 7 + -7)?
-2
Calculate -1 - -1 - (0 - 5 - -3).
2
Evaluate 5 - 4 - (-6 - -2).
5
What is the value of -2 - -1 - 2 - (14 - 12)?
-5
Evaluate -7 + -2 + 0 + (2 - -2).
-5
What is the value of 1 + 0 - 11 - -10?
0
Evaluate -2 + 0 - (8 + -18 + 9).
-1
5 + -5 + (-8 - -11 - 1)
2
Evaluate 315 - 315 - (-4 + 0).
4
-3 + 5 + 6 + -2
6
What is (-7 - 0 - -6) + -6?
-7
(-3 - (-6 + 4 + -2)) + 1
2
What is 1 + (-2 - -1) + -1 - 0?
-1
Evaluate 107 - 99 - (-1 + 1 + 5).
3
Calculate 2 + (3 - -13 - 7) + -4.
7
Evaluate 2 + -1 + 4 + -9 + 7.
3
Calculate 4 - (1 + 0) - 9.
-6
Calculate 0 + (1 - 0) - 1 - 2.
-2
Calculate (3 - -7 - (14 + -8)) + 1.
5
Evaluate (22 - 11) + -11 - (-3 - -2).
1
Evaluate 2 + (-1 - -9) + (-22 - -16).
4
What is the value of 4 + (-1 - 3) - (-31 + 22)?
9
-7 - (7 + -9) - -1
-4
Evaluate 1 - (2 - 1) - (12 - 13).
1
Evaluate 0 + 5 + (5 - 7).
3
What is the value of 31 - 33 - (-1 - (2 - -1))?
2
Evaluate (-1 - (-5 - -10)) + 7 + -5.
-4
What is the value of -2 + (2 - 2 - 1)?
-3
Evaluate -3 + (1 + -4 - -6) + 0.
0
Calculate 1 + 0 + 3 - 0.
4
Evaluate (-10 - -18) + -26 + 10.
-8
What is the value of -2 - (-11 + 7) - (2 - 7)?
7
-3 + 9 + 0 + -4
2
Evaluate (42 - 37) + (-2 - -1).
4
Evaluate 11 - (-5 + 5 + 6).
5
2 + 0 - (8 - 14)
8
What is -6 - (-7 - (-3 - 5))?
-7
What is (14 - 13) + -1 + 5?
5
What is the value of -2 - (6 + -10 + 1) - -2?
3
Evaluate -1 + (-4 - -1) + 0.
-4
Calculate -3 - (1 - 5) - -1.
2
Evaluate -1 + (7 + -3 - (8 + -1)).
-4
Evaluate 8 - (-2 - -14) - (-2 + -3).
1
Evaluate (2 - 0) + 1 - 2.
1
What is -7 - -12 - (-1 - 3)?
9
What is -2 + 13 + -7 + 3 + -1?
6
What is the value of 4 + -12 + 0 - (-12 + -1)?
5
What is -5 - (6 + -21) - 6?
4
Calculate -4 + (5 - 1) + (-5 - -4).
-1
(-2 - -12 - 0) + (-1 - 2)
7
Evaluate -9 - (-9 + 1 + 4).
-5
What is the value of (5 - (12 + -4)) + (-4 - -1)?
-6
What is (-5 - (0 + -3)) + 0 + 3?
1
What is the value of -4 - 1 - (8 + (-14 - -5))?
-